n(7)?
-31
Let f(d) = -84*d + 91. Give f(1).
7
Let x(t) = -t - 11. Determine x(-3).
-8
Let f(b) = 6*b**2 - 1. Determine f(-1).
5
Let z(q) = -2*q**2 + 2*q - 1. Calculate z(1).
-1
Let m(b) = -b**2 - 5*b + 6. What is m(-10)?
-44
Let c(r) = r**2 - 6*r - 8. What is c(7)?
-1
Let u(s) = s**2 - 5*s + 12. Determine u(-4).
48
Let i(a) = a**3 - 7*a**2 + 9*a - 4. What is i(6)?
14
Let o(h) = -h**3 + 7*h**2 + 5*h + 32. What is o(8)?
8
Let k(m) = -5*m + 3. What is k(2)?
-7
Let y(k) = -7*k**2 + 53*k + 10. Give y(7).
38
Let y(o) = -o + 3. Give y(5).
-2
Let u(y) = y**3 + 6*y**2 + 3*y + 8. Calculate u(-5).
18
Let d(y) = -11*y + 12. Give d(1).
1
Let g(p) = p**2 + 26*p + 69. Give g(-3).
0
Let c(s) = s**2 - 36*s + 2. Calculate c(0).
2
Let w(d) = 2*d**2 - 32*d - 77. What is w(18)?
-5
Let p(f) = -f**3 - 2*f**2 - 4*f - 5. What is p(-2)?
3
Let d(v) = -4*v + 4. Calculate d(2).
-4
Let f(d) = d**2 + d + 2. Calculate f(-5).
22
Let m(p) = -4*p - 27. Calculate m(-7).
1
Let b(l) = 3*l**3 + l**2 + 2*l - 6. What is b(-2)?
-30
Let z(u) = -u**2 + 8*u + 5. Give z(-1).
-4
Let j(m) = m**3 + 12*m**2 + 2*m + 17. What is j(-12)?
-7
Let w(o) = -280*o + 3. Determine w(0).
3
Let d(m) = 3*m**2 + 9*m + 13. Determine d(-4).
25
Let j(u) = u**2 - 4*u - 10. Give j(7).
11
Let j(d) = -3*d**2 - 18*d - 19. Determine j(-1).
-4
Let d(o) = -o**2 - 2*o + 1. What is d(-3)?
-2
Let s(n) = n - 2. Give s(4).
2
Let f(h) = h**2 + 7*h - 4. Calculate f(-8).
4
Let j(m) = -4*m**2 + 189*m - 58. Determine j(47).
-11
Let q(k) = -k**3 - 5*k**2 - 6*k - 2. Determine q(-4).
6
Let r(o) = -3*o**2 - o - 2. Determine r(-2).
-12
Let n(x) = -8*x - 133. Give n(-19).
19
Let i(g) = -g**2 + 81*g - 1430. Determine i(55).
0
Let t(j) = 10*j**2 - 18*j. Calculate t(2).
4
Let o(k) = 7*k + 11. Give o(-11).
-66
Let q(w) = w**3 + w**2 - 2*w + 1. What is q(2)?
9
Let t(k) = -k**2 - 8*k + 6. Give t(-10).
-14
Let o(z) = -7*z + 11. Give o(-6).
53
Let z(p) = p + 2. What is z(-4)?
-2
Let d(x) = 3*x**2 - 6*x - 4. What is d(3)?
5
Let z(q) = -q**3 + 5*q**2 + 4*q - 1. Determine z(5).
19
Let k(x) = -x**2 + 4*x + 5. What is k(5)?
0
Let c(u) = -2*u**2 - 67*u + 340. Determine c(-38).
-2
Let b(l) = l + 18. Calculate b(0).
18
Let u(b) = -b**2 - 37*b - 325. Determine u(-15).
5
Let a(w) = 2*w**2 - 25*w + 42. What is a(9)?
-21
Let j(z) = -9*z - 7. Determine j(11).
-106
Let i(k) = -k**2 - 16*k + 33. Determine i(-19).
-24
Let q(t) = t**3 - 5*t**2 + 3*t + 1. Give q(4).
-3
Let r(z) = -2*z**2 + 10*z - 2. Calculate r(8).
-50
Let j(f) = -3*f - 23. Calculate j(0).
-23
Let l(a) = 3*a - 5. Give l(-9).
-32
Let s(h) = h**3 + 5*h**2 - h + 4. Calculate s(-4).
24
Let h(w) = -13*w - 24. Calculate h(-12).
132
Let n(b) = b**3 + b**2 - 20*b + 58. What is n(3)?
34
Let r(a) = a**3 + 25. What is r(0)?
25
Let y(b) = -b**3 - 2*b**2 - 2*b + 6. Give y(-3).
21
Let p(b) = -b**2 - 4*b + 10. Give p(-7).
-11
Let t(s) = 2*s**2 - 15*s - 4. Determine t(7).
-11
Let i(u) = -u - 10. Calculate i(-7).
-3
Let t(a) = a**3 + 29*a**2 + 23*a - 133. What is t(-28)?
7
Let s(g) = -g**3 - 6*g**2 - 7*g - 19. Calculate s(-8).
165
Let f(l) = -2*l**2 - 44*l - 8. What is f(-23)?
-54
Let i(n) = -n**3 - 5*n**2 + 17*n + 67. Determine i(-3).
-2
Let p(y) = -5*y**2 - 5*y + 5. Determine p(2).
-25
Let s(i) = i**2 + 19*i + 38. Calculate s(-4).
-22
Let v(x) = x**2 + 3*x + 8. Calculate v(-5).
18
Let v(i) = -2*i**3 + 12*i**2 - 6*i - 4. Give v(6).
-40
Let b(u) = 2*u**2 + 8*u - 34. Calculate b(-7).
8
Let z(f) = -8*f**3 - f**2. Determine z(-1).
7
Let u(o) = -o**3 - 6*o**2 - 5*o - 1. What is u(-4)?
-13
Let l(t) = 3*t + 28. Determine l(-13).
-11
Let d(l) = -3*l + 2. Determine d(-5).
17
Let d(i) = -4*i**2 - 14*i - 7. Determine d(-2).
5
Let w(z) = 3*z**3 - z**2 + z. Give w(1).
3
Let t(s) = s**3 + 15*s**2 + 14*s - 6. What is t(-14)?
-6
Let t(i) = -i**2 + 9*i - 1. Determine t(10).
-11
Let t(y) = -8*y**2 + 2*y - 1. Give t(1).
-7
Let m(c) = -78*c + 934. Determine m(12).
-2
Let t(c) = 9*c + 52. Give t(-8).
-20
Let i(l) = -l**3 + l**2 + 3*l - 7. Give i(3).
-16
Let c(y) = 11*y + 125. Give c(-12).
-7
Let t(r) = r**3 + r**2 - 6*r - 3. Give t(-4).
-27
Let b(d) = 6*d**2 - 17*d + 4. Determine b(4).
32
Let t(b) = -27*b + 12. Calculate t(2).
-42
Let z(u) = -4*u**2 + 43*u - 59. What is z(9)?
4
Let f(h) = h**3 - 2*h**2 - 6*h - 7. Give f(0).
-7
Let t(j) = -j**3 + 6*j**2 + 56*j - 6. Determine t(-5).
-11
Let f(b) = -b**3 + 9*b**2 + b + 4. Calculate f(9).
13
Let s(i) = -5*i + 9. What is s(-7)?
44
Let h(g) = 6*g - 16. Determine h(7).
26
Let j(s) = -s**3 - 16*s**2 - 20*s - 22. Calculate j(-15).
53
Let p(f) = f**2 + f - 5. Determine p(6).
37
Let w(b) = -b**3 + 3*b**2 + 3*b + 1. Determine w(4).
-3
Let j(v) = -v + 4. What is j(3)?
1
Let t(j) = -j - 6. Give t(3).
-9
Let f(c) = -2*c - 8. Calculate f(-7).
6
Let z(m) = 7*m + 14. Give z(-3).
-7
Let p(t) = 2*t + 3. Give p(-4).
-5
Let h(t) = -21*t. Calculate h(-1).
21
Let x(a) = -3*a - 61. What is x(15)?
-106
Let s(l) = 3*l - 7. Calculate s(4).
5
Let h(s) = -s**3 + 7*s**2 - 6*s - 7. Calculate h(6).
-7
Let c(n) = -n**3 - 7*n**2 - 2. What is c(-3)?
-38
Let k(i) = i**3 - 18*i**2 - 4*i + 68. What is k(18)?
-4
Let j(w) = w**2 + 7*w - 4. Determine j(-12).
56
Let s(y) = -y**3 - 42*y**2 - 82*y - 76. Calculate s(-40).
4
Let x(l) = l**2 - 9*l + 15. Calculate x(5).
-5
Let l(p) = -2*p**3 - 5*p**2 - 2*p + 3. Calculate l(-4).
59
Let h(v) = v**2 + 3*v - 10. Calculate h(-4).
-6
Let d(k) = 7*k - 7. Give d(5).
28
Let h(t) = -t**3 + 14*t**2 + 14*t + 4. Calculate h(15).
-11
Let y(u) = 2*u**2 - 8*u - 2. What is y(2)?
-10
Let a(w) = -w - 19. Calculate a(-23).
4
Let b(u) = -u + 3. Calculate b(4).
-1
Let j(h) = h**2 + 29*h - 13. Calculate j(-30).
17
Let k(c) = c**2 - 9*c + 17. Calculate k(7).
3
Let g(z) = -z**2 + 19*z + 30. What is g(21)?
-12
Let c(y) = -y**2 - 6*y + 2. What is c(-5)?
7
Let y(v) = v**3 + 14*v**2 - 51*v - 8. What is y(-17)?
-8
Let k(n) = n**3 + 13*n**2 + 16*n + 42. Calculate k(-12).
-6
Let l(q) = -6*q + 68. Determine l(12).
-4
Let n(s) = -s**3 + s**2 - 4*s + 2. Calculate n(1).
-2
Let k(o) = -o**3 - 10*o**2 - 18*o - 50. Determine k(-9).
31
Let k(h) = h**2 - 10*h + 8. Determine k(6).
-16
Let m(i) = 2*i**2 - 6*i - 10. What is m(7)?
46
Let h(u) = -71*u + 6. What is h(-3)?
219
Let i(w) = -w**2 - 10*w + 19. What is i(-13)?
-20
Let t(a) = 31*a**3 - a**2 - 2. Calculate t(-1).
-34
Let l(b) = 7*b - 5. What is l(2)?
9
Let i(k) = 10*k - 8. Give i(1).
2
Let q(s) = 4*s + 2. Calculate q(-5).
-18
Let t(f) = -f**2 - 13*f + 26. Determine t(-13).
26
Let f(i) = 4*i + 20. Give f(-4).
4
Let p(m) = 2*m**2 + m + 3. Determine p(-3).
18
Let m(l) = 4*l**3 - 20*l**2 - 9*l + 11. What is m(5)?
-34
Let y(o) = 8*o + 7. Calculate y(-2).
-9
Let p(s) = -s**3 + 34*s**2 + 74*s - 84. Determine p(36).
-12
Let s(o) = o**3 - 12*o**2 - 12*o - 7. What is s(13)?
6
Let j(d) = -d**2 + 5*d + 4. Give j(-4).
-32
Let v(o) = -o**3 + 11*o**2 + 13*o - 13. What is v(12)?
-1
Let q(z) = z**3 + 2*z**2 - 19*z - 26. What is q(-6)?
-56
Let h(f) = 3*f**2 + 4*f - 6. Give h(3).
33
Let i(y) = -y**2 + 30*y + 107. What is i(33)?
8
Let o(u) = u**3 - 16*u**2 + 14*u. Calculate o(15).
-15
Let n(h) = -2*h + 29. What is n(14)?
1
Let n(b) = -5*b + 31. What is n(7)?
-4
Let d(t) = t**3 - 8*t**2 + 14*t + 21. Give d(5).
16
Let g(y) = -y**2 + 6*y - 9. Calculate g(6).
-9
Let f(y) = y - 11. What is f(23)?
12
Let t(o) = 2*o + 11. What is t(-3)?
5
Let d(p) = -2*p - 47. Calculate d(-21).
-5
Let v(r) = r**2 + 10*r - 17. Determine v(-11).
-6
Let o(f) = -4*f. What is o(-2)?
8
Let l(o) = o**2 + 21*o + 7. Give l(-22).
29
Let w(u) = 2*u**2 - 4*u + 9. Determine w(3).
15
Let f(r) = -r**2 - 12*r - 25. Calculate f(-10).
-5
Let q(u) = -u**2 + 4*u + 16. Calculate q(6).
4
Let o(d) = -16*d**2 - 2*d - 4. What is o(-2)?
-64
Let d(r) = -r**3 + 25*r**2 - 46*r - 12. Calculate d(23).
-12
Let j(i) = 44*i + 397. Calculate j(-9).
1
Let j(g) = 38*g + 31. What is j(-1)?
-7
Let t(n) = 23*n**2. What is t(-1)?
23
Let b(h) = -7*h + 214. Determine b(31).
-3
Let z(f) = f**2 - 21*f - 3. What is z(18)?
-57
Let l(y) = 2*y**2 - 33*y - 43. Calculate l(18).
11
Let q(j) = -j**2 + 26*j - 42. Calculate q(27).
-69
Let s(k) = -k**3 - 10*k**2 - 20*k + 14. Give s(-7).
7
Let j(x) = 2*x + 13. Give j(-6).
1
Let c(m) = -2*m**2 + 2*m - 3. Calculate c(4).
-27
Let p(j) = 2*j**3 - 36*j**2 - 37*j - 25. What is p(19)?
-6
Let l(s) = 3*s**2 + 31*s - 